 + -30
-69
What is 0 + -16 + -4554 + 4560?
-10
Evaluate 47 - 1 - (453 + -415).
8
-67 - (65 + -109 - 30)
7
What is 139 + (-66 - -19) - 9?
83
Evaluate 71 - 0 - (6921 - 6857).
7
-39 - ((-10 - 4 - -7) + 6 + -12)
-26
What is the value of -34 - ((0 - -1) + (10 - 18) + -176 + 181)?
-32
Evaluate -51 - (46 - 67) - (0 - 32).
2
(77 - 150 - -5) + 135
67
Evaluate 36 - (43 + -23 + 22).
-6
Calculate (-23 - -14) + 9 + 5 + -6 + -8.
-9
What is -47 + 20 + 2 + -10?
-35
What is the value of -26 - (127 + -104 + -65)?
16
What is the value of (-136 + 102 - (-16 + 0)) + 127?
109
What is 90 + (-66 - 19) + 54?
59
What is the value of -32 + 205 - (-30 + (-31 - -88))?
146
Evaluate 252 - 268 - (-13 + 7 + -1) - (-84 + -1).
76
What is (132 - 184) + 209 - 152?
5
What is the value of 5 + (7 - 25) - (-3 + (-10 - 23))?
23
Evaluate -899 + 979 + -69 + -16.
-5
Evaluate 4 - 0 - (-10832 - -10774).
62
What is -20 - (-2 - 33 - (339 - 320))?
34
Evaluate -4 + 1 + 9 - (-5 - (20 + -6 - 13)).
12
What is -7 + 4 - ((-13 - (-12 - -6)) + 1 + -7)?
10
Calculate (-27 - -3 - (53 - (128 - 36))) + 26.
41
What is the value of 2 + -4 + -4 - (-1606 + 1592)?
8
-24 + 2 - (18 - 30) - (-7 - 29) - -5
31
What is the value of (-3 - -3) + (-15 - (42 - 35)) + 25?
3
What is the value of 91 + (-153 - -144) + (1 - (-11 + -2)) + -12?
84
Calculate 26 + -20 + 35 - 27.
14
Calculate 36 + (-77 - (37 + -82)).
4
-253 - -309 - (70 - 1)
-13
What is the value of 14 + 110 + -46 + -26?
52
Calculate 26 + (-19 - 37) + 36 - (-26 + (-1 - -1)).
32
What is -6 + 18 + -35 + 34?
11
Calculate 107 + (-19 - (8 + 42 + -92)).
130
What is 0 + -11 + -5 + (-6 - (-19 - -2)) + -11?
-16
123 - (-67 + 121) - (6 - 1)
64
2 + 96 - ((4 + 21 - (-42 - -52)) + -6)
89
Evaluate 19 + (69 - 12 - 78).
-2
Evaluate 69 + -106 - -81 - 50.
-6
65 + 50 + (52 - 193)
-26
(10 - -1) + (-60 - 34 - -3)
-80
39 + (3 - -3 - -1) - 14
32
What is the value of -11 + (8 + -48 + 0 - (-6 + 1))?
-46
What is (21 - 13) + -23 + 18 + -103?
-100
Calculate -24 + (-35 - (36 + -3 - 60)).
-32
Calculate (-99 - (-16 + 31)) + 59.
-55
(-2 - 10 - (408 + -391)) + 4
-25
Calculate (-19 - (-4 + -1 + 1)) + -1717 + 1695.
-37
34 - (0 + 0) - (-64 - -59 - (64 - 64))
39
What is 34 + (-25 - -6) + 4 + -31?
-12
What is the value of (-5 - ((0 - 99) + -5 - 2)) + (-18 - -8)?
91
What is 0 - -2 - (68 - (-16 - -102))?
20
Calculate -10 + (44 - (-9 - (-5 + -1 + -2 - -4))).
39
Calculate 31 + 66 - (8 - (-16 - -12)).
85
Calculate (29 - (28 + 32 + 0)) + 65.
34
What is 1 + -5 - -3 - (-1 + 7 - 30)?
23
What is the value of -21 + 1 - (-31 - (12 - -21))?
44
Evaluate 64 - 46 - (26 + 100 - (-16 + 7)).
-117
-25 - ((3 - 7) + -13) - -41
33
What is 41 + -31 - ((0 - -13) + (-6 - 2))?
5
What is the value of (0 - 8) + -29 + 91 + -64 - -49?
39
Evaluate 10 + 162 + -236 - ((0 - 0) + (-1 - 0)).
-63
Evaluate 27 + ((-1 - 0) + -21 + -1 - (853 + -863)).
14
What is 3 - -1 - (42 - (-46 - -25 - -20))?
-39
What is the value of -7 + (125 - ((185 + -195 - (2 + 1)) + 0))?
131
Evaluate 5 + 12 + -33 - -23.
7
Evaluate 15 + (-8 - -15) + -36 + -18.
-32
What is the value of -21 - (1 - -1) - (-38 + 28 + 6)?
-19
86 + (9 + -22 + 31 - (2 - 2))
104
What is -76 + (30 + -31 + -17 - -26)?
-68
Calculate 3 - (3 + 0 + (-5 - (2 + -6 + 0))).
1
Evaluate (86 - (22 - 5)) + (7 - 20).
56
Evaluate (34 - 31) + -7 + 0.
-4
Calculate 39 + (-41 + -39 + 86 - (-4 + 22)).
27
What is the value of (-8 + 0 - 0) + -9 + 0 + -27 + 30?
-14
5 - (3 - (1 + 30 + -3))
30
(76 - (2 + -40)) + -69
45
-3 + -33 + 14 + 5
-17
Evaluate 4 + -95 + 93 + -13 + -2.
-13
What is the value of -1 + 2 + (-30 - 0 - (7 - 21) - 45)?
-60
Evaluate -40 + 49 - (9 - -3) - (-12 - -1 - 2).
10
What is the value of -1 + (1 - -22) - (-298 + (597 - 305))?
28
Calculate 2 - (39 + (-24 - (-3 + -1))).
-17
Evaluate 9 - 1 - (95 - 52 - (2 + 0)).
-33
Evaluate 16 + -21 + (-11 + (7 - 0) - 83).
-92
(25 - (1 + -2)) + -3698 + 3683 + 66
77
-4 + 3 - ((-16 - -8) + -4) - -6
17
Calculate (-80 - -40 - 6) + -23 - (2 + -1 + 1).
-71
What is the value of -57 + 9 + -76 + 65?
-59
What is the value of -56 + 21 + 24 + -36?
-47
(7 - (-1 + 4 + -7 - (-64 + 4))) + 2
-47
What is -28 + 47 - 2 - -11 - 89?
-61
(21 + -11 - -5) + -8 + 1 + 27
35
Calculate 151 + (-120 - -51) + -17.
65
What is 68 + (-42 - 87 - -67)?
6
What is the value of -155 + 144 + (98 - 0) - 20?
67
Evaluate (-7 + 7 - 7) + 7 - (35 + 6 + -5).
-36
Evaluate ((-59 - 19) + 24 - -1) + -6.
-59
Evaluate 92 - (37 + 14 - -46).
-5
Evaluate (15 - (96 + -66)) + 95.
80
What is the value of (-10 - -38 - 24) + (15 - -1)?
20
What is -1 + (3 - (2 - 13)) - (1674 + -1682)?
21
Evaluate -1 + 24 + (-105 + 29 - -33) - 13.
-33
What is the value of -191 + 145 - ((40 - -7) + -21)?
-72
Calculate (-5 + 9 + 9 - -6) + -8 + 45 - 11.
45
-30 - (20 + (-11 - (-85 - -26)))
-98
What is (-35 - (25 - 4) - -21) + -3?
-38
(89 - 34 - 119) + 87
23
Evaluate 17 + (-9 - 1) - -12 - 56.
-37
Calculate (142 - 54) + 69 + -76.
81
-16 + -16 + -336 + 348 + 1 + -1 + -119
-139
Calculate 4 + (91 - 3) + -22 + 17 - -21.
108
Calculate -77 - (-201 + -22) - ((-9 - -4) + 27).
124
Evaluate -4 - 10 - (-40 + 10) - 27.
-11
What is -19 + (-29 - -17 - -37)?
6
Evaluate -2 - (-7 + -12 + (-96 - 17) + 23).
107
What is the value of -38 + 52 - (11 - -13 - 3)?
-7
What is the value of -167 - -44 - (-133 + 59)?
-49
Evaluate -47 + (71 + -35 - 27).
-38
Evaluate 65 + -51 - (333 - 297).
-22
23 - (-3 - (-41 + 23) - 20)
28
(-1 - -14) + (203 - 45) + -141
30
Calculate -15 - (-9 + 18) - (-5 - 4).
-15
What is -1353 - -1383 - (-1 + -7)?
38
Evaluate 190 + -47 + 105 - 130.
118
-10 - (-4 + 2 + (-3 - -11) + -4 + 103)
-115
(-29 + 42 - (0 - -16)) + 1 + -6 + 67
59
What is the value of -35 + -2 - (-1111 - -997)?
77
Calculate (-28 - -53) + 6 + 0.
31
Evaluate (-125 - (-19 + -37)) + 85.
16
What is (-26 - (49 + -90)) + -48?
-33
Calculate -9 + (-9 + (-8 - -26) - 13) - -3.
-10
What is the value of -1 - 0 - (30 - (41 - -19)) - 11?
18
Evaluate 55 - (15 + -25 + 13 + -12 + 7).
57
What is 66 - ((2 - 14) + (45 - 13))?
46
What is the value of -17 - -15 - (20 + 9) - (78 - 75)?
-34
What is -6 - ((18 - (26 + 18)) + 64)?
-44
Calculate (-14 + 60 - (32 + -85)) + (7 - 0).
106
Calculate 63 + -24 - (7 + 40).
-8
Evaluate (-6 - 42) + 63 + -28.
-13
What is 66 + -2 + (-114 - -83) - (-4 - (2 - 1))?
38
Calculate 30 + (-12 - -19 - (-10 + -2)).
49
What is 80 + (-151 - -42) + 29?
0
Calculate -8 - (-21 + 36) - (9 - 8 - 0).
-24
9 + -36 + -13 + 46
6
Calculate -533 + 511 - (-6 + -58).
42
-4 + (-15 - (8 - -8)) + 2 + 1 + -1
-33
What is 26 + (60 + -77 - -6)?
15
What is the value of 93 - (-62 + 23 + 142)?
-10
Evaluate (-24 - (113 + (-32 - -12))) + -3 + 25.
-95
What is the value of (-11 - 0) + 0 + 8 + (97 - 107) + -11?
-24
What is the value of -68 - (-49 + -86 + 146 - (0 + -5))?
-84
Calculate (-3 - (0 + -29 + -12)) + 8 + 8 + -6.
48
(3 + 92 - 82) + (-45 - 0)
-32
What is the value of 0 + -30 + 137 + -169?
-62
What is (17 + -15 - -13) + -32 + 2 + 0?
-15
What is -69 + -57 - -66 - (-29 - 3)?
-28
-12 - 1 - (1000 + -997 - (-14 + 0))
-30
Evaluate -82 + 91 + (35 - (-10 + -2 + 3 - -10)).
43
Calculate 1 - (-3 - -8) - (7 + -21 - -1).
9
What is -7 + -1 + (236 - 244) + (9 - (-13 + 32))?
-26
Evaluate 32 + 106 - 45 - 71.
22
Calculate 26 - (33 + -17) - (4 + 3 - 37).
40
(-407 + 415 - (15 - 1)) + 15 + -78
-69
Evaluate 15 + (-13 - (-26 + 5) - -12 - 6).
29
What is -42 - (37 - 72) - (-9 + 5)?
-3
(-8 - (-8 + (-2 - -4) - 6)) + (2 - 1)
5
What is the value of -19 + -22 + -50 + 43?
-48
Calculate 7 - (3 - (-13 + 11 - (7 - (2 + 3)))).
0
What is the value of (0 - -9) + (-85 - -27) + 65?
16
Evaluate 9 - (11 + 7 - (-1 - -17)).
7
Evaluate (18 - 32) + (0 - 13 - -4).
-23
Calculate -3 - ((-35 - 0) + (-31 - (-55 + 40))).
48
Evaluate -11 + (-288 - -220) + (23 - -1).
-55
What is the value of 2 + 1 + (-14 - (-14 - (-4 + -6))) + -2?
-9
2 - -62 - (-568 + 536)
96
Evaluate 6 + (-25 + 23 - (1 + -3 + (16 - 15))).
5
What is -30 - -12 - (-29 - (54 - -13))?
78
Calculate 18 + (-57 - -28) + 23 + 1 + 37.
50
What is the value of -16 + (-164 + 164 - (40 + 0))?
-56
What is the value of (1 - -1) + 5 + (-23 - (-10 + -14)) + -1?
7
What is -2 + -22 - (0 - (3 + -1)) - (347 + -349)?
-20
Evaluate (6 + 60 - 140) + 23.
-51
Evaluate 0 - 2 - (-1 + -2 + -329 + 337).
-7
Calculate 59 + (-35 - 9) + (-2 - 28).
-15
-548 + 661 - (-6 + 55)
64
-31 + 28 + 25 - -2 - 52
-28
What is the value of (-26 - -4